he remainder when 56 is divided by i(7).
18
Let t = 32 + -15. Let h = 23 + -19. Suppose -8 = -6*d + h*d. What is the remainder when t is divided by d?
1
Let x(d) = 27 - 5*d + 21 + 3*d - 3*d. Calculate the remainder when 88 is divided by x(6).
16
Suppose -3*m + 5*f = -145, 4*f + 70 = 4*m - 134. What is the remainder when 105 is divided by m?
50
Let d be (-2)/1 - (-2 + 0). Suppose -9*o + 26 = -5*o - 2*m, -2*m = -2*o + 18. Suppose n + 0*n - o = d. What is the remainder when 13 is divided by n?
1
Suppose 3 = -z, p - 50 - 78 = 2*z. Calculate the remainder when p is divided by 32.
26
Let h(n) = -n**3 + 3*n**2 + 12*n - 10. What is the remainder when 76 is divided by h(4)?
10
Let a = 398 - 312. What is the remainder when 243 is divided by a?
71
Suppose 5*y - 8*y = 0. Suppose s + 5*s - 1182 = y. Suppose -v - s = -3*q, 3*q + 3*v - 280 = -q. Calculate the remainder when q is divided by 17.
16
Suppose 0 = -342*y + 350*y - 40. Calculate the remainder when 11 is divided by y.
1
Suppose -q = 2*u + 24, 3*u - 5*q + 76 = -u. Let p be ((-7)/u)/((-2)/40). Let d = p - -25. Calculate the remainder when 43 is divided by d.
13
Let y = -56 - -183. Suppose -u - 26 = -2*u. Calculate the remainder when y is divided by u.
23
Suppose -2*u = 2*u + 8, -4*u + 80 = 2*c. Suppose -a + c = a. Let d(t) = t**3 + 6*t**2 - 2*t. What is the remainder when a is divided by d(-6)?
10
Let r(z) = -2*z - 18. Let j be r(-18). Suppose 2*u - j = 3*b, -u + 1 + 18 = -4*b. Calculate the remainder when 16 is divided by u.
1
Let q = -206 + 217. What is the remainder when 66 is divided by q?
0
Let v = -93 - -111. What is the remainder when 67 is divided by v?
13
Let l(r) = 3*r - 9. Let a be l(6). Suppose 3*w - a = s, -s + 12 = 4*w - 4*s. Suppose -25 + w = -x. Calculate the remainder when x is divided by 5.
2
Let x(h) = -17*h - 84. Calculate the remainder when 252 is divided by x(-8).
44
Let k = -152 + 296. Calculate the remainder when k is divided by 29.
28
Suppose 2*h + 2*i = 24, 4*i + 16 = h + 7*i. Calculate the remainder when 345 is divided by h.
5
Suppose 2*m + 4 = 48. What is the remainder when (-15)/((-15)/(-4)) - (-44 + -1) is divided by m?
19
Let h(w) = -w**3 + 19*w**2 + 69*w + 40. Calculate the remainder when 1164 is divided by h(22).
104
What is the remainder when 200 - -1 - -8*16/128 is divided by 60?
22
Suppose f = -3*p - 38 + 173, 2*f - 2*p - 262 = 0. What is the remainder when f is divided by 27?
24
What is the remainder when 221 is divided by -8 - 41/(-5) - 328/(-10)?
23
Suppose 4*y - 7*y + 60 = 0. Let d = -69 + 87. Suppose 2*v - d - y = 0. Calculate the remainder when 34 is divided by v.
15
Calculate the remainder when 73 is divided by (((-5)/(-4))/(-5))/((-2)/296).
36
Suppose -11*w = -7*w - 16. Calculate the remainder when ((3 - -2) + 2)/1 is divided by w.
3
Let b(d) = -d**3 - 5*d**2 + 6*d + 14. Let h = -57 - 42. Let t = 139 + h. What is the remainder when t is divided by b(-6)?
12
What is the remainder when 445 is divided by (74 - 4) + (5 + -30)/(-5)?
70
Suppose -28*y = -2807 - 1085. What is the remainder when y is divided by 10?
9
Let k = -21 + 60. What is the remainder when k is divided by 17?
5
Let f(v) = 2*v**3 + v**2 - 2*v + 1. Let k be f(1). Suppose -4*g - 2*o + 9 = -93, k*g = -5*o + 55. Calculate the remainder when 73 is divided by g.
23
Suppose -15*q + 100 = -10*q. Suppose 0*a = -a + 4. Suppose -2*t - a = -18. What is the remainder when q is divided by t?
6
Suppose 27 + 117 = 4*v. Let l = 328 + -198. Suppose 4*a + 136 = 4*g, l - v = 3*g + a. Calculate the remainder when 94 is divided by g.
30
Let t = -18499 - -18542. Let l = 35 - 24. What is the remainder when t is divided by l?
10
Let g(v) = 2*v**2 + 2*v - 3. Let r be g(-3). What is the remainder when r/15 - (-342)/5 is divided by 36?
33
Let t(j) be the second derivative of -j**5/20 + 3*j**4/4 - j**3 - 13*j**2/2 - 14*j. What is the remainder when 7 is divided by t(8)?
1
Let d(k) be the second derivative of 18*k**3 - k**2/2 - 37*k. What is the remainder when d(1) is divided by 30?
17
Suppose 8*o + o - 4*o = 0. Suppose -8*s - 29 + 1477 = o. What is the remainder when s is divided by 46?
43
Let o be 1*(7/(-4) + (-2)/8). Let y(j) = 26*j**2 - 1. What is the remainder when y(o) is divided by 13?
12
Let o(t) = 2*t**2 + 22*t - 106. What is the remainder when 1482 is divided by o(4)?
12
Calculate the remainder when (12 - (6 + 4)) + 375 is divided by 7.
6
Let d be (-28)/6*(0 - 3). What is the remainder when 175/d + 3/(-2) is divided by 2?
1
Suppose 6*k = -7*k + 3094. Calculate the remainder when k is divided by 23.
8
Let v = 18 - 17. Let o = v - -17. Calculate the remainder when 177 is divided by o.
15
Suppose -4*u + 42 = 3*r - 27, -5*u + 115 = -2*r. Calculate the remainder when 479 is divided by u.
17
Let k be (-54)/2*(-45)/27. Suppose 13 + 23 = 3*u - 3*z, -2*u + k = 5*z. Calculate the remainder when 87 is divided by u.
12
Suppose -579*v - 55 = -584*v. Suppose -2*c + 41 = 3. Calculate the remainder when c is divided by v.
8
Let k(o) = -4*o - 8. Suppose 16 = 4*r, 4*v + r + 14 = v. Let j = 704 - 642. Calculate the remainder when j is divided by k(v).
14
Suppose 0 = -5*m + 7*m - 12. Suppose 16 = -2*c + m*c. Suppose u + c*u = 40. Calculate the remainder when 22 is divided by u.
6
Suppose -38*j + 42*j = b + 170, -j + 46 = -2*b. What is the remainder when 44 is divided by j?
2
Suppose -4*b - 5*i + 214 = 7, 0 = -5*i - 5. What is the remainder when b is divided by 10?
3
Let c(z) = z**3 - 19*z**2 + 18*z - 16. Let m be c(18). Let j(y) = -4*y - 56. What is the remainder when j(m) is divided by 1?
0
Let d(q) be the first derivative of 3*q**2/2 - 5*q - 14. What is the remainder when 34 is divided by d(6)?
8
Let g(z) = 5*z + 3. Let m be g(5). Let r = 30 - m. Suppose -4*i - r*q + 180 = 0, -2*i + 31 = -i - 3*q. Calculate the remainder when i is divided by 11.
10
Suppose 38 = 2*o + 2*n, 2*n = 2*o - 7 - 11. What is the remainder when 95 is divided by o?
11
Suppose 13*h + 10 = 270. What is the remainder when 133 is divided by h?
13
Let i(y) = -5*y + 21. Let u be i(4). What is the remainder when 76 is divided by 39*u*11/33?
11
Let y = -94 - -168. Let k be (-9)/(-21) - y/(-7). Suppose 0 = 3*m - k - 31. Calculate the remainder when 40 is divided by m.
12
Let j = 712 + -672. What is the remainder when j is divided by (22/5)/(2/10)?
18
Suppose 36*h + 42 = 39*h. Suppose -h = -2*m + 32. Calculate the remainder when m is divided by 8.
7
Suppose 0 = -3*u + 5*u + d - 6, -4*u - 3*d = -8. Suppose -5*j + 755 = -u*f, -j - 2*j + 453 = -4*f. What is the remainder when j is divided by 31?
27
What is the remainder when 72 is divided by (-86)/387 - 472/(-18)?
20
Let h(t) = 89*t**3 - 2*t**2 + t. Let k be h(1). Let a = k + -51. Calculate the remainder when a is divided by (-26)/(-4)*(1 - -1).
11
Let f = -30 - -105. What is the remainder when f is divided by 33?
9
Let f be 4 + (0 - -1) + 0. Suppose 3*k - 4*x - 38 = 0, k = -2*x + f + 11. What is the remainder when 55 is divided by k?
13
Let q(f) be the third derivative of f**6/120 - 3*f**5/20 + f**4/3 + 8*f**3/3 + 6*f**2. What is the remainder when 62 is divided by q(8)?
14
Let c = 1660 + -920. Calculate the remainder when c is divided by 12.
8
Suppose -2*m + 124 = -4*y, 5*y - 36 = -m + 19. What is the remainder when 411 is divided by m?
51
Suppose 8*t + 155 = 275. Calculate the remainder when 15 is divided by t.
0
Suppose -6*m = 20 - 2. What is the remainder when (42 - (-1 - m)) + 0 is divided by 21?
19
Suppose -88 = -3*w + 2*d, -7*w + 4*d - 32 = -9*w. What is the remainder when 129 is divided by w?
25
Let n = 1818 - 1224. What is the remainder when n is divided by 17?
16
Let b = -4 - -7. Suppose -b*s = 2*a - 15, a = 4*a + 3*s - 30. Suppose -2*c = -w + 52, -223 = 7*w - 11*w + 3*c. What is the remainder when w is divided by a?
13
Let z be (-2)/9 + 4368/(-27). Let c = -49 - z. What is the remainder when c is divided by 2676/92 - 34/391?
26
Calculate the remainder when 25 is divided by 6 - 2 - -18 - 0.
3
Suppose p - 5 = -2*z, 2*p + 2*z = 4*z + 22. Let c be 4 - (p - (2 + -3)). What is the remainder when 128/5 - c/15 is divided by 7?
5
Let q(f) = -f**3 - 4*f**2 + 4*f + 1. Let d be q(-5). Calculate the remainder when 34 is divided by (-7 - -12) + (d - 2).
7
Let h(n) = -9*n**3 - n**2 + 4*n + 3. Let j be (-6)/15*24*10/(-1). 